{"id":8370,"date":"2020-12-19T02:09:10","date_gmt":"2020-12-19T01:09:10","guid":{"rendered":"https:\/\/timoore.com.pl\/?post_type=product&#038;p=8370"},"modified":"2020-12-19T02:14:18","modified_gmt":"2020-12-19T01:14:18","slug":"biurko-2","status":"publish","type":"product","link":"https:\/\/timoore.eu\/pl\/k\/kolekcja-first\/biurko-2\/","title":{"rendered":"Biurko"},"content":{"rendered":"<p>Designerskie, funkcjonalne biurko z podnoszonym blatem i dodatkow\u0105 szuflad\u0105. Idealne dla dla starszego dziecka lub jego rodzic\u00f3w. Fronty szuflad\u00a0 wykonane z p\u0142yty MDF,<\/p>\n<p>&nbsp;<\/p>\n<p><strong>\u201eFirst\u201d to propozycja dla ludzi szukaj\u0105cych mebli prostych, bezpretensjonalnych, a poprzez zastosowane materia\u0142y i stylistyk\u0119 z pewno\u015bci\u0105 oryginalnych i wyj\u0105tkowych.<\/strong><\/p>\n<p>&nbsp;<\/p>\n<p>\u0141agodne, harmonijne zestawienie kolor\u00f3w wp\u0142ywa koj\u0105co na zachowanie dziecka . Oryginalne uchwyty wykonane z naturalnego drewna estetycznie definiuj\u0105 ca\u0142\u0105 kolekcj\u0119. Biurko z uwagi na swoj\u0105 lekk\u0105 konstrukcj\u0119 i ruchomy blat MDF dedykowane jest dla dzieci powy\u017cej 12 roku \u017cycia.<\/p>\n","protected":false},"excerpt":{"rendered":"<p><strong>oznaczenie produktu:<\/strong><br \/>\nT02-15-C-O,<br \/>\nT02-15-G-O,<br \/>\nT02-15-B-O,<br \/>\nT02-15-O-O,<br \/>\nT02-15-P-O<\/p>\n","protected":false},"featured_media":8371,"template":"","meta":{"inline_featured_image":false},"yoast_head":"<!-- This site is optimized with the Yoast SEO plugin v15.5 - https:\/\/yoast.com\/wordpress\/plugins\/seo\/ -->\n<title>Biurko - Timoore<\/title>\n<meta name=\"robots\" content=\"index, follow, max-snippet:-1, max-image-preview:large, max-video-preview:-1\" \/>\n<link rel=\"canonical\" href=\"https:\/\/timoore.eu\/pl\/k\/kolekcja-first\/biurko-2\/\" \/>\n<meta property=\"og:locale\" content=\"pl_PL\" \/>\n<meta property=\"og:type\" content=\"article\" \/>\n<meta property=\"og:title\" content=\"Biurko - Timoore\" \/>\n<meta property=\"og:description\" content=\"oznaczenie produktu: T02-15-C-O, T02-15-G-O, T02-15-B-O, T02-15-O-O, T02-15-P-O\" \/>\n<meta property=\"og:url\" content=\"https:\/\/timoore.eu\/pl\/k\/kolekcja-first\/biurko-2\/\" \/>\n<meta property=\"og:site_name\" content=\"Timoore\" \/>\n<meta property=\"article:publisher\" content=\"https:\/\/www.facebook.com\/MebleABSYNTH\" \/>\n<meta property=\"article:modified_time\" content=\"2020-12-19T01:14:18+00:00\" \/>\n<meta property=\"og:image\" content=\"https:\/\/timoore.eu\/wp-content\/uploads\/2020\/12\/T02-15-C-O_big.jpg\" \/>\n\t<meta property=\"og:image:width\" content=\"800\" \/>\n\t<meta property=\"og:image:height\" content=\"600\" \/>\n<meta name=\"twitter:card\" content=\"summary_large_image\" \/>\n<meta name=\"twitter:label1\" content=\"Est. reading time\">\n\t<meta name=\"twitter:data1\" content=\"0 minut\">\n<script type=\"application\/ld+json\" class=\"yoast-schema-graph\">{\"@context\":\"https:\/\/schema.org\",\"@graph\":[{\"@type\":\"WebSite\",\"@id\":\"https:\/\/timoore.eu\/pl\/#website\",\"url\":\"https:\/\/timoore.eu\/pl\/\",\"name\":\"Timoore\",\"description\":\"Meble tworz\\u0105 wn\\u0119trze\",\"potentialAction\":[{\"@type\":\"SearchAction\",\"target\":\"https:\/\/timoore.eu\/pl\/?s={search_term_string}\",\"query-input\":\"required name=search_term_string\"}],\"inLanguage\":\"pl-PL\"},{\"@type\":\"ImageObject\",\"@id\":\"https:\/\/timoore.eu\/k\/kolekcja-first\/biurko-2\/#primaryimage\",\"inLanguage\":\"pl-PL\",\"url\":\"https:\/\/timoore.eu\/wp-content\/uploads\/2020\/12\/T02-15-C-O_big.jpg\",\"width\":800,\"height\":600,\"caption\":\"FIRST - Biurko\"},{\"@type\":\"WebPage\",\"@id\":\"https:\/\/timoore.eu\/k\/kolekcja-first\/biurko-2\/#webpage\",\"url\":\"https:\/\/timoore.eu\/k\/kolekcja-first\/biurko-2\/\",\"name\":\"Biurko - Timoore\",\"isPartOf\":{\"@id\":\"https:\/\/timoore.eu\/pl\/#website\"},\"primaryImageOfPage\":{\"@id\":\"https:\/\/timoore.eu\/k\/kolekcja-first\/biurko-2\/#primaryimage\"},\"datePublished\":\"2020-12-19T01:09:10+00:00\",\"dateModified\":\"2020-12-19T01:14:18+00:00\",\"inLanguage\":\"pl-PL\",\"potentialAction\":[{\"@type\":\"ReadAction\",\"target\":[\"https:\/\/timoore.eu\/k\/kolekcja-first\/biurko-2\/\"]}]}]}<\/script>\n<!-- \/ Yoast SEO plugin. -->","_links":{"self":[{"href":"https:\/\/timoore.eu\/pl\/wp-json\/wp\/v2\/product\/8370"}],"collection":[{"href":"https:\/\/timoore.eu\/pl\/wp-json\/wp\/v2\/product"}],"about":[{"href":"https:\/\/timoore.eu\/pl\/wp-json\/wp\/v2\/types\/product"}],"wp:featuredmedia":[{"embeddable":true,"href":"https:\/\/timoore.eu\/pl\/wp-json\/wp\/v2\/media\/8371"}],"wp:attachment":[{"href":"https:\/\/timoore.eu\/pl\/wp-json\/wp\/v2\/media?parent=8370"}],"curies":[{"name":"wp","href":"https:\/\/api.w.org\/{rel}","templated":true}]}}

<p>Designerskie, funkcjonalne biurko z podnoszonym blatem i dodatkową szufladą. Idealne dla dla starszego dziecka lub jego rodziców. Fronty szuflad  wykonane z płyty MDF,</p>
<p>&nbsp;</p>
<p><strong>„First” to propozycja dla ludzi szukających mebli prostych, bezpretensjonalnych, a poprzez zastosowane materiały i stylistykę z pewnością oryginalnych i wyjątkowych.</strong></p>
<p>&nbsp;</p>
<p>Łagodne, harmonijne zestawienie kolorów wpływa kojąco na zachowanie dziecka . Oryginalne uchwyty wykonane z naturalnego drewna estetycznie definiują całą kolekcję. Biurko z uwagi na swoją lekką konstrukcję i ruchomy blat MDF dedykowane jest dla dzieci powyżej 12 roku życia.</p>
